{"id":926,"date":"2021-07-19T11:59:15","date_gmt":"2021-07-19T09:59:15","guid":{"rendered":"https:\/\/2021.trashline.com\/?page_id=926"},"modified":"2021-07-19T13:51:43","modified_gmt":"2021-07-19T11:51:43","slug":"about","status":"publish","type":"page","link":"https:\/\/2021.trashline.com\/?page_id=926","title":{"rendered":"About"},"content":{"rendered":"\n<div class=\"wp-block-image\"><figure class=\"alignleft size-large is-resized\"><img decoding=\"async\" src=\"https:\/\/2021.trashline.com\/wp-content\/uploads\/2021\/07\/marutschke_thomas.jpg\" alt=\"\" class=\"wp-image-935\" width=\"-343\" height=\"-440\" srcset=\"https:\/\/2021.trashline.com\/wp-content\/uploads\/2021\/07\/marutschke_thomas.jpg 413w, https:\/\/2021.trashline.com\/wp-content\/uploads\/2021\/07\/marutschke_thomas-233x300.jpg 233w, https:\/\/2021.trashline.com\/wp-content\/uploads\/2021\/07\/marutschke_thomas-47x60.jpg 47w\" sizes=\"(max-width: 413px) 100vw, 413px\" \/><\/figure><\/div>\n\n\n\n<p class=\"has-text-align-left\">Thomas Marutschke studierte Kommunikationsdesign an der Fachhochschule Darmstadt. Nach Abschlu\u00df als Diplom Grafik-Designer arbeitet er bis heute als frei-beruflicher Illustrator und Designer. 1990 gr\u00fcndete er mit Karin Neumert das Studio Trashline. Zu seinen St\u00e4rken geh\u00f6rt die Entwicklung von Logos und Vignetten, sowie Illustrationen f\u00fcr redaktionelle Themen. Die Dekorgestaltung f\u00fcr unterschiedlichste Produkte beinhaltet einen gro\u00dfen Teil seiner grafischen Arbeit. Bei verschiedenen Verlagsprojekten und k\u00fcnstlerischen Arbeiten kann man seinen Stil ebenfalls erkennen. Seine plakativen Druckgrafiken pr\u00e4sentiert er in Ausstellungen.<\/p>\n\n\n\n<p class=\"has-text-align-left\">Referenzen: Ritzenhoff, Ravensburger, Condor, Deutsche Post\/DHL, Philip Morris, IBM, Procter &amp; Gamble, SIGG, Troika, DBV-Winterthur, Redaktion Focus, Redaktion B\u00f6rse Online, Redaktion freundin, Red Bull, Soulbottles &#8230;<\/p>\n","protected":false},"excerpt":{"rendered":"<p>Thomas Marutschke studierte Kommunikationsdesign an der Fachhochschule Darmstadt. Nach Abschlu\u00df als Diplom Grafik-Designer arbeitet er bis heute als frei-beruflicher Illustrator und Designer. 1990 gr\u00fcndete er mit Karin Neumert das Studio Trashline. Zu seinen St\u00e4rken geh\u00f6rt die Entwicklung von Logos und Vignetten, sowie Illustrationen f\u00fcr redaktionelle Themen. Die Dekorgestaltung f\u00fcr unterschiedlichste Produkte beinhaltet einen gro\u00dfen Teil &hellip; <\/p>\n","protected":false},"author":1,"featured_media":0,"parent":0,"menu_order":0,"comment_status":"closed","ping_status":"closed","template":"","meta":{"footnotes":""},"class_list":["post-926","page","type-page","status-publish","hentry","latest_post","grid-sizer"],"_links":{"self":[{"href":"https:\/\/2021.trashline.com\/index.php?rest_route=\/wp\/v2\/pages\/926","targetHints":{"allow":["GET"]}}],"collection":[{"href":"https:\/\/2021.trashline.com\/index.php?rest_route=\/wp\/v2\/pages"}],"about":[{"href":"https:\/\/2021.trashline.com\/index.php?rest_route=\/wp\/v2\/types\/page"}],"author":[{"embeddable":true,"href":"https:\/\/2021.trashline.com\/index.php?rest_route=\/wp\/v2\/users\/1"}],"replies":[{"embeddable":true,"href":"https:\/\/2021.trashline.com\/index.php?rest_route=%2Fwp%2Fv2%2Fcomments&post=926"}],"version-history":[{"count":6,"href":"https:\/\/2021.trashline.com\/index.php?rest_route=\/wp\/v2\/pages\/926\/revisions"}],"predecessor-version":[{"id":942,"href":"https:\/\/2021.trashline.com\/index.php?rest_route=\/wp\/v2\/pages\/926\/revisions\/942"}],"wp:attachment":[{"href":"https:\/\/2021.trashline.com\/index.php?rest_route=%2Fwp%2Fv2%2Fmedia&parent=926"}],"curies":[{"name":"wp","href":"https:\/\/api.w.org\/{rel}","templated":true}]}}